valuate -35 - (-14 + (-21 - -31) + 15).
-46
Evaluate (1 - (1 - 30)) + (-1 - 8) + (-211 - -223).
33
What is 8 + (3 - 3) - (-35 + 39 + -5) - 8?
1
What is the value of (1 - -19) + (-149 - 120 - -190)?
-59
Calculate -20 + 36 + (6 - -3) + -31 + 32.
26
Evaluate (-39 - -19 - 7 - -20) + -2 + (-13 - -5).
-17
What is (20 - (6 - -13)) + 7 - (-3 - -55)?
-44
Calculate -2 - 18 - (-6 + -47 + 8).
25
-48 - (-77 + (-106 - -237))
-102
What is -1 + -6 + (-164 - -152) + 31 + 1?
13
Calculate -17 + 0 - (44 + -45) - -39 - (-14 + 2).
35
What is 1182 + -1175 - (14 + 1)?
-8
15 - ((-8 - 15) + -5 + 0 - 6)
49
Calculate 59 + -2 - (1393 - 1372).
36
What is (1 - -9 - -41) + (-18 - -15) + -1?
47
What is the value of (-1432 - -814 - -722) + 13 + (0 + 1 - -1)?
119
Evaluate (-1 - 28) + (-250 - -253) - 2.
-28
Calculate 44 - (0 + (11 - (-4 + -9 + 10))).
30
Evaluate (-97 - -130) + (-71 - -34).
-4
What is 7 - (5 + -9 + 6 + (3 - 9) + 105)?
-94
-22 + 102 - (-5 + 1 - (4 - 11))
77
What is the value of 18 - (-18 - (33 - 17)) - -20?
72
Calculate (90 - -2) + -131 + 321 + -197.
85
Calculate (29 - 44) + (46 - -9).
40
Calculate (-32 - 1) + 42 + (-88 - (43 - 80)).
-42
Calculate 25 + -18 + 116 + -82 + (-22 - -2).
21
What is the value of 2 + -12 + (277 - 272) + (14 - 2) - 48?
-41
Evaluate 80 + 18 + (-33 - (-12 - -4)) + -2.
71
Calculate 8 - (9 + (-4 + 0 - 0 - -4) + 6).
-7
Evaluate -6 + (29 - -3) + -11 - 11.
4
What is the value of -60 + 124 + -46 - -29?
47
What is 985 + -977 - ((5 - 7) + (0 - -1) + -20)?
29
What is the value of -1 - -23 - (-146 + 25 + (55 - 6))?
94
What is -5 + -11 + 7 + -58 - -24?
-43
Calculate -13 + (6 - -28) + -4 - -16.
33
2 + -12 - (1040 + -1042)
-8
Calculate 24 + -7 + -7 + -22 + 130 + -41.
77
Evaluate (433 - 436 - (0 - 46)) + (-3 - (-1 + 4)).
37
What is the value of -3 + (73 - 38 - 52)?
-20
(-55 - -43) + (-13 - -11 - -68) + -7
47
What is the value of 24 - 2 - (35 + -41 + 62)?
-34
-8 + -6 + 11 - -11
8
-37 + (30 - 8) - -17 - 22
-20
Evaluate -5 - (-2 + -9) - (20 + 8 + 14).
-36
What is the value of 21 + 1 + (5 + -11 - 5) + 9?
20
Evaluate 53 - 92 - (51 + -75).
-15
Calculate 19 + (4 - -4) - (29 + -6).
4
What is the value of 14 + (-150 - -74) - -47?
-15
Evaluate -4 - (11 - (-51 + 66 - (10 + -1))) - 87.
-96
Calculate (24 + -5 - 5) + 10 + -49 + -8.
-33
What is the value of (23 - (-3 + -13 + -11)) + 2 + -1?
51
Calculate -18 + 16 + -26 + 11 + 25 - 60.
-52
What is the value of 81 + (-27 - 24) + 25?
55
Evaluate -6 + 0 + 16 + (-3 - (-84 + -5 + 0)).
96
What is the value of 136 - 190 - -9 - (-16 + 0)?
-29
What is the value of (-20 - 85) + (2 + -16 - (6 + 11 + -16))?
-120
-103 + 1 + (29 + -2 - (184 + -157) - 8)
-110
What is the value of -101 - -10 - (14 + -8 + (-40 - -17))?
-74
Calculate (-17 - 10) + 15 + (-11 - 8).
-31
Evaluate -96 + 32 + 84 - 32 - (-1 + -2).
-9
Calculate (0 + -11 - -1) + (1375 - 1373) + (-1 - -114).
105
Calculate (-36 - -27 - -36) + -28.
-1
What is the value of (1 - (88 + -1)) + -303 + 309?
-80
Calculate (-8 - (10 - 53) - 27) + 5 + -7 + 105.
111
What is (2 - (0 + -3)) + (-16 + 24 - -1)?
14
Evaluate 131 - (-56 - (-122 + -22)).
43
-8 + -1 - ((55 - 6 - 50) + -8)
0
Evaluate -7 + (-13 + (18 - 10) + 79 - -5 - 4).
68
Evaluate 9 + (52 - (-31 - -51)).
41
What is the value of 40 + (-48 - 61) + (-4 + 0 - (5 + 1))?
-79
Evaluate ((-28 - -20) + 17 - -3) + -2 + 29 + -1.
38
49 + (38 - 192) - -59
-46
-10 + -2 + (81 - 37) + -41 - (0 + -84)
75
Calculate -9 - (5 + (5 - 9) + -36 - 5).
31
Calculate 1 + (4 - 4) - (-27 - (6 - (5 - 15))).
44
Calculate -36 + 65 - 12 - (1 - -1).
15
What is the value of 48 + (34 - 3 - (-504 - -510))?
73
What is the value of -6 - (16 - 79 - (-8 - -2 - (24 - 27)))?
54
What is 15 + -18 + -2 + (-9 - 14) + (4 - -1)?
-23
Evaluate 3779 - 3754 - (-2 - (0 - -17)).
44
19 + 0 + -24 - ((-8 - -10) + -84)
77
42 - (100 + -120 - -52)
10
What is the value of -47 + 37 + 1 + 8 + -9 - (1 - 64)?
53
Calculate -39 + (0 - -3 - ((-10 - -107) + -83)).
-50
Evaluate 72 + (-36 - -70 - 25).
81
Calculate 18 + -61 + 22 - -10.
-11
Evaluate 1 - -8 - ((-38 - (-1 + 4)) + (142 - 136)).
44
Evaluate -54 - (3 - (-1 - 8) - (61 - 41)).
-46
Calculate -10 + (95 - 38) - 37 - (-27 - 1).
38
Evaluate 47 + (38 - 62) + -36 - (0 - -4).
-17
121 - 105 - (6 + 6)
4
Calculate -106 - (19 + -91) - (-6 - 63).
35
Calculate -7 + 3 - -44 - (8 - 8 - (-8 + 0)).
32
(1 - 45) + -132 + 175 + 73
72
Calculate (313 - 407) + 48 - (-1 - -4).
-49
-28 - -4 - (-3 + (-7 - -16)) - (-60 + 51)
-21
Calculate 1 - -39 - (25 - -62).
-47
What is 19 + -60 - (-6 - (3 + -3))?
-35
Evaluate 33 + -9 + 16 + -21 + 20.
39
Evaluate 2 - -58 - (-9 - (2 + -23)) - -12.
60
What is (-1 - (0 + -1)) + (112 - 201) + 105?
16
Evaluate -38 + 8 - (276 + -284).
-22
Evaluate 11 + (10 - 2 - ((-24 - -51) + -11)).
3
Calculate 20 - ((22 + -22 - 14) + 11).
23
Evaluate (-2 + 24 + -25 - 80) + (3 - 21).
-101
-343 - -347 - ((-1 - -3) + -23)
25
(5 - (7 - 4)) + (31 - 20) + -11
2
What is the value of 17 + (87 - 63) + -2?
39
Evaluate (-2468 - -2440) + -2 + 1 + -1 + -2 + 5.
-27
Evaluate -9 - (21 + -24 - (-3 + 1)).
-8
What is 93 + -48 + -43 - -5?
7
What is 666 + -659 + -34 + 1?
-26
Calculate -46 - -1 - (-3824 - -3797).
-18
6 + -2 - (12 + 2 + -2 + -12) - 30
-26
Evaluate 207 + -86 + -128 - (16 + 0 - 0).
-23
Evaluate (-28 + -3 - -2 - -23) + -26.
-32
(6 - -1) + (-6 - -2) + 28 + (-1 - -2)
32
113 + 8 + -45 + 73 + -40
109
Evaluate (-3 + 1 + 1 - 5 - (594 + -593)) + 31.
24
What is the value of (28 - -105) + -66 - 45?
22
What is 65 - (37 + 6) - -40 - -19?
81
Calculate 60 + 51 - -20 - 74.
57
What is (-5 - (-9 - (-6 + 5))) + 253 + -279?
-23
Calculate (0 + -1 + -2 - 33) + (-40 - -39).
-37
What is (-33 + 27 - 24) + -14 + (-1 - 6)?
-51
Evaluate 19 - -1 - (-27 - (97 + -134)) - -46.
56
14 + ((5 - 10) + 4 - 40) + 12
-15
What is the value of (-2229 - -2305) + -1 + -29?
46
What is 15 + (4 - (41 + 11 + -25)) - (-1 + 64)?
-71
-11 - ((-10 + -2 - -3) + -45)
43
What is -22 - (-56 + (-44 - -69))?
9
What is 146 - (164 + 153 + -101)?
-70
Evaluate (9 - 2) + (-55 - -52) + -28 + 7.
-17
20 - (0 + -16) - (-54 - 25)
115
What is (-18 + (-15 - -25) - -8) + (91 - 190)?
-99
(14 - -2) + -3488 + 3557
85
Evaluate -19 - ((50 - 18) + -15 - 8).
-28
1 + 3 - 21 - (-185 - -168)
0
Evaluate 258 + -285 + (2 - -63) - 3.
35
What is (15 - 67 - -74) + 2 + -2?
22
Evaluate -72 + (-433 + 430 - (-1 + -3 - (-9 + 11))).
-69
What is the value of 72 + 1 + 24 + -1 + -34?
62
Evaluate ((-1 - 1) + 0 + 68 - 8) + 4 + -1.
61
Evaluate -19 + (6 - -21) - (41 - (5 + -10)).
-38
Calculate 74 - ((-1 + -30 - -52) + 16).
37
-47 + 98 - 85 - (57 + -1)
-90
Calculate 48 - (-1 - -52) - 21.
-24
What is 11 + 1947 + -1975 + 69 + 0?
52
What is the value of 0 - -45 - (9952 - 9836)?
-71
What is 27 + (21 - 31) + (-5 - -4 - 12)?
4
What is (37 - 27 - (19 - 2)) + 15?
8
Evaluate -10 - (-1 + 15 - 7 - 62 - -7).
38
What is the value of 106 - 19 - (-33 - -50) - (-1 + -2)?
73
What is (-16 - -15) + (-22 + 8 - 0)?
-15
7 - (-12 + 1 + 18 - 0)
0
Evaluate 1 - -1 - 3 - (309 + -251 + -112).
53
Evaluate 44 - (61 + 10) - -116 - (0 - 2).
91
What is -3 + (18 + -5 + 7 - 6) + -34 + -12?
-35
Evaluate 20 + 3 - 16 - (-4 + -26).
37
4 + 18 - 2 - 22 - 16
-18
What is 0 + 112 + 0 + 36 + -2 + (60 - 106)?
100
Evaluate 33 + (-21 - (-73 - -38)).
47
Calculate -3 + (4 - 3) + (9 - 22).
-15
Evaluate -15 + -26 + 119 + -9 + -1 + 22.
90
-65 - ((31 - 68) + 50 - (15 + 2))
-61
What is the value of 18 + -46 + (16 + -39 - -53)?
2
12 + 105 - (-21 - -13 - -3)
122
44 - (11 - 3) - (-13 - -3) - 5
41
What is the value of -7 + -6 + (15 + 19 - -88 - 19)?
90
Calculate (36 - 3) + -161 + 110.
-18
What is the value of (-212 - -211) + (2 - -3) + 3?
7
What is the value of 7 + 13 + (-27 - 9)?
-16
-83 + 63 - -4 - 44
-60
(3 - -6) + 23 + (14 - 8 - 17)
21
Evaluate (21 - (-5 + 35) - -16) + -2.
5
Evaluate (11 + 0 - (-500 - -498)) + -2.
11
Evaluate (2 - -1 - (-4 - (-1 - 4))) + -3 + -13.
-14
5 + 17 + (5 - 4) + 33 + -14
42
What is the value of -73 - ((-1 - (18 - 41)) + -30)?
-65
-21 - (10 - (69 - (6 + 8)))
24
-7 - (-8 + (-21 - -52) + -41)
11
-42 + -1 + -422 + 426
-39
What is -26 - (-2 - 5) - (-46 - (-15 - 0))?
12
What is 16 - 7 - (-59 + 46) - (-6 - (5 - 15))?
18
Evaluate -17 - (-30 + -26 + 76).
-37
Evaluate (31 - 55) + 28 + -76 + -13.
-85
What is the value of -10 + -110 + -33 - (2 + -30)?
-125
-85 + 2 + 16 + -39 + (-3 - 3)
-112
What is 4 + -4 +